01. What is the remainder when i is divided by x?
22
Let o(f) = 695*f - 1122. Calculate the remainder when o(4) is divided by 21.
20
Calculate the remainder when 170 is divided by (6/17)/(492/44608).
10
Let m be 1/(-1) + 2/(-1). Let n be (-34)/(-1 + (-4 - m)). Suppose 19*r - 58 = n*r. What is the remainder when r is divided by 10?
9
Let d be (-10 + 0)*15/(-2). Suppose 800 = -28*t - 684. Let w = t + d. Calculate the remainder when w is divided by 4.
2
Let j = 8 + -19. Let l = j - -44. Calculate the remainder when ((-650)/91)/((-15)/126) is divided by l.
27
Let s = 2429 - 2393. What is the remainder when 40 is divided by s?
4
Let o(a) = 2*a + 53. Let n = 223 - 246. Calculate the remainder when 10 is divided by o(n).
3
Let n(c) = c**2 - 27*c - 108. Let w be n(31). Suppose -w*m + 6281 = 2665. Calculate the remainder when m is divided by 46.
42
Let q = -9971 + 17528. What is the remainder when q is divided by 180?
177
Let d(a) = -9*a - 4. Let b(y) = 7*y**3 - 3*y**2 - 14*y + 18. Let f be b(6). Suppose -11*g - 370 = -f. What is the remainder when g is divided by d(-3)?
19
Suppose -301 = 5*t + 214. Let i = -97 + 0. Let d = i - t. What is the remainder when 69 is divided by d?
3
Let a = -9633 + 9807. Calculate the remainder when a is divided by 35.
34
Suppose 0 = -5*c - v + 1422, -c = 3*c - 3*v - 1149. Suppose -4*z + 13176 = 4*j + 13116, -2*z + 6 = -4*j. Calculate the remainder when c is divided by z.
10
Suppose 5*a + 3745 = 5*q, -51*a = -56*a + 10. Calculate the remainder when q is divided by 54.
49
Let x(f) = -f**3 - 9*f**2 - 7*f - 59. Let z be x(-9). Let i(u) = 12*u**2 - 18*u - 1. Calculate the remainder when i(z) is divided by 6.
5
Calculate the remainder when ((-2)/2*1)/(-7 - (-5802)/829) is divided by 271.
16
Let k = -1484 - -1526. Let v(q) = q**2 + 13*q + 15. Calculate the remainder when k is divided by v(-14).
13
Let j(h) = h**2 + 16*h + 30. Let z be j(-14). Suppose 3*c + g - 65 = -c, z*c - 5*g - 5 = 0. What is the remainder when 28 is divided by c?
13
Suppose 29*h + 1452 = 25*h. Let j = h + 207. Calculate the remainder when 33 is divided by j/(-32) + (-2)/(-16).
3
Suppose -14*n + 12*n = -3*w - 35, n = w + 16. Suppose -i + 65 - n = 5*y, -3*i = -y - 76. What is the remainder when (-1)/3 + (-286)/(-3) is divided by i?
14
What is the remainder when 0 + 18 + -6 - (-153 + -1 + 3) is divided by 8/6*(-21)/(-2)?
9
Suppose 3*m = -2*u + 11998, 3*m = -13*u + 8*u + 30013. What is the remainder when u is divided by 91?
90
Suppose 18*w - 14*w + 24 = 3*u, 2*w + 10 = u. Suppose 0 = -45*y + 37*y + 248. What is the remainder when y is divided by u?
3
Suppose 0 = 9*u - 2*u - 476. Suppose -5*k + 92 = 3*n, -5*k + 4*n + u = n. What is the remainder when 175 is divided by k?
15
Let k(q) be the second derivative of -3*q**2 - 8*q + 0 + 14/3*q**3. Calculate the remainder when k(2) is divided by 26.
24
Let x(z) = -8*z + 1. Let r = 230 + -232. Calculate the remainder when x(r) is divided by 10.
7
Suppose -26*v + 25*v + 3*z = -1734, -4*v - 8*z = -7036. What is the remainder when 1755 is divided by v?
6
Let o be 2135/(-15) + -4 - 1/(-3). Let s = o + 291. Calculate the remainder when s is divided by 37.
34
Let w be -248 - (0/3 + -3). Let b be (-3 - w/(-3))*-3. Suppose 0 = -6*i + b - 26. What is the remainder when i is divided by 21?
17
Let v(y) = 4*y**2 + y + 19. Let t be v(-7). Let b = -188 + t. What is the remainder when b is divided by 13?
7
Suppose 242*g + 252*g = -130*g + 4992. Suppose 4*b + 2*h - 7*h - 35 = 0, b + 10 = -5*h. Calculate the remainder when g is divided by b.
3
Let t(x) = -x**2 + x + 1687. What is the remainder when t(34) is divided by 27?
25
Let m(i) = -10*i + 279. Let d be m(25). Suppose 2*q = -4, 137 = y + 2*y + 5*q. What is the remainder when y is divided by 8*(-6)/12 + d?
24
Suppose 590 = -8*t + 108*t - 510. What is the remainder when 337 is divided by t?
7
Let b(q) = 86*q**2 - 9*q - 10. Calculate the remainder when b(-1) is divided by 8.
5
Let q(n) = n - 3. Let o be ((-28)/(-8) - 0)/(4/8). Suppose -s + 6*s + f - 20 = 0, -2*s + f + 1 = 0. What is the remainder when q(o) is divided by s?
1
Let z = -153 + 169. Suppose 0 = 7*a + z*a - 138. Calculate the remainder when 1*(-2 + 1)*-35 is divided by a.
5
Suppose 0 = -370*w + 16201 + 20059. Suppose 7 = -2*a - 1, -4*a - 46 = -k. What is the remainder when w is divided by k?
8
Let b be (-2)/7 + 8/(672/11700). Let m = b + -115. Calculate the remainder when 88 is divided by m.
16
Let g be 355/(-20) - 4*1/16. Let l(n) = -2*n**2 - 38*n - 25. What is the remainder when (-1)/(18/19 + -1) is divided by l(g)?
8
Let j be (-529)/(-46) + ((-10)/4 - -1). Suppose -7*l - j*l + 85 = 0. Calculate the remainder when 5 is divided by l.
0
Let p(f) = 8*f + 84. Suppose -r + 1 = -4*z + 3*z, 4*r + z + 21 = 0. What is the remainder when 362 is divided by p(r)?
50
Let l(w) = 34*w - 102. Let b = -156 - -160. What is the remainder when 62 is divided by l(b)?
28
Suppose 0 = 2*a - 5*r + 2*r - 51, 3*r = 3*a - 69. Suppose a - 86 = -4*o. Calculate the remainder when (-22)/4*(-3 + (5 - 14)) is divided by o.
15
Suppose -h = -0 - 8. Let p be (-4 - (-87)/12)*h. Suppose -10*o + p = -9*o. Calculate the remainder when o is divided by 14.
12
Suppose 72 = 5*p - 2*q, -5*p - 45 = -8*p + 3*q. Let v(j) = -2*j - 13. Let m be v(-8). Suppose -55 = -m*c + 2*c. Calculate the remainder when c is divided by p.
13
Suppose -2*r = 4*a - 92, -6*r + 3*a = -208 - 173. What is the remainder when 818 is divided by r?
38
Let n be (-4)/(-6)*945/210. Let b = -387 + 555. Suppose -l - n = -0, -4*r - 4*l = -b. What is the remainder when 87 is divided by r?
42
What is the remainder when (966/(-8))/(13 + (-1462)/112) + -6 is divided by 173?
172
Let t(m) = 4*m + 44. Let n be (2 + (-15)/10)*-14 + 1. What is the remainder when 76 is divided by t(n)?
16
Let x be 1 - (3 + -2 + 32). Let m be (-106)/(-2)*(-15 + 14). Let i = x - m. Calculate the remainder when i is divided by 12.
9
Let h(m) = -4998*m - 2742. Calculate the remainder when h(-4) is divided by 76.
74
Let s = -647 + 920. Let q(z) = 4*z**2 + z + 13. Calculate the remainder when s is divided by q(-3).
43
Let v(b) = 1969*b - 1676. Calculate the remainder when 1744 is divided by v(1).
279
Suppose -1048*l - 10972 = -1061*l. Calculate the remainder when l is divided by 143.
129
Suppose 4*o = 0, 5*o = -5*v + 214 - 39. Calculate the remainder when -6*10*(133/v - 5) is divided by 21.
9
Let r = 4588 + -4583. Calculate the remainder when 219 is divided by r.
4
Suppose -2*g = -5*r - 270, g - 2*r + 153 = 2*g. Let d = g + -144. What is the remainder when 21 is divided by ((-2)/(d*2))/(14/(-154))?
10
Suppose -5*d = -15, -4*k + 3*d = 6*d - 101. Let i(n) = -n**2 + 15. Let w be i(5). Calculate the remainder when k is divided by (-5)/w*-2*-3.
2
Let j(u) = 4 - 6*u + 0*u - 4*u. Let w be j(-5). Suppose 93 = 4*d - 0*d + l, -2*d - 2*l + w = 0. Calculate the remainder when d is divided by 8.
6
Suppose 4*p = -7*m + 3*m, -4*p - 32 = -4*m. Suppose w = 3*w + m*b + 144, -b = -4*w - 252. Let x = -25 - w. What is the remainder when x is divided by 16?
7
Suppose -2*b - 235 = -3*l, -2*l - 5*b + 234 - 109 = 0. Calculate the remainder when 2086 is divided by l.
61
Suppose -5*y + 0 - 25 = 0, -j - 45 = 5*y. Let w be 3/(-2)*2/(-12)*j. Let o(s) = 7*s**2 + 13*s - 13. Calculate the remainder when o(w) is divided by 25.
22
Let q = 9 + 32. Suppose -42 = -n + q. Calculate the remainder when n is divided by 14.
13
Suppose -5*p = 5*a + 15, 0 = p - 1 + 5. Let u(l) = 60*l + 6. Let c be u(a). Let b = -51 + c. What is the remainder when 27 is divided by b?
12
Let h(x) = x**2 - x + 18. Let t = 535 - 329. Suppose -2*k = 4*q - t, q + 6*k - k = 56. Calculate the remainder when q is divided by h(0).
15
Suppose -5*p + 25 = -0*p. Suppose 4*c - 56 = -4*w, 5*w + 1 = 5*c + 31. Suppose -3*j + 21 = -m, -4 = -2*j - m + w. What is the remainder when j is divided by p?
2
Suppose -2*x + 102 = 60. Suppose 26*k = x*k + 45. Calculate the remainder when 15 is divided by k.
6
Suppose 47*s = 42*s - 55. Let j = s - -29. Calculate the remainder when (-3 - (-65)/25)*-130 is divided by j.
16
Let v(c) = 0*c**3 - 35 + 45 + 11*c - c**3 + 0*c + 6*c**2. Let t be v(9). What is the remainder when (-3)/(-2) + t/(-4) is divided by 6?
5
Suppose c - 2*w - 32 = -2*c, 4*w + 52 = 5*c. Let m = -853 + 1200. W